{"id":29578,"date":"2024-10-08T09:12:24","date_gmt":"2024-10-08T07:12:24","guid":{"rendered":"https:\/\/modestihouse.com\/?post_type=product&#038;p=29578"},"modified":"2024-10-08T09:14:16","modified_gmt":"2024-10-08T07:14:16","slug":"chillout-cama-con-ratan","status":"publish","type":"product","link":"https:\/\/modestihouse.com\/index.php\/producto\/chillout-cama-con-ratan\/","title":{"rendered":"CHILLOUT CAMA (CON RATAN)"},"content":{"rendered":"<p>CHILLOUT Cama con estructura de aluminio blanco de 50&#215;50 y 1,5 mm de espesor y rat\u00e1n sint\u00e9tico blanco trenzado. Respaldos ajustables de 5 posiciones. Colch\u00f3n de 10 cm. de grosor y 25 Kg de densidad quick dry foam, desenfundable y tapizado en tela Sunproof cartenza 164 gris, con tratamiento de protecci\u00f3n para rayos UV y repelente al agua. Incluye dos cuadrantes en Wifera 211 turquesa.<\/p>\n<p>Dimensiones: L180 x F200 x A200<br \/>\nUso Interior\/Exterior.<br \/>\nRequiere montaje<br \/>\nColor \u00fanico<\/p>\n","protected":false},"excerpt":{"rendered":"<p>CHILLOUT Cama con estructura de aluminio blanco de 50&#215;50 <\/p>\n","protected":false},"featured_media":29666,"template":"","meta":[],"product_brand":[],"product_cat":[153,148],"product_tag":[],"class_list":{"0":"post-29578","1":"product","2":"type-product","3":"status-publish","4":"has-post-thumbnail","6":"product_cat-cama-exterior","7":"product_cat-exterior","9":"first","10":"instock","11":"shipping-taxable","12":"purchasable","13":"product-type-simple"},"aioseo_notices":[],"_links":{"self":[{"href":"https:\/\/modestihouse.com\/index.php\/wp-json\/wp\/v2\/product\/29578","targetHints":{"allow":["GET"]}}],"collection":[{"href":"https:\/\/modestihouse.com\/index.php\/wp-json\/wp\/v2\/product"}],"about":[{"href":"https:\/\/modestihouse.com\/index.php\/wp-json\/wp\/v2\/types\/product"}],"wp:featuredmedia":[{"embeddable":true,"href":"https:\/\/modestihouse.com\/index.php\/wp-json\/wp\/v2\/media\/29666"}],"wp:attachment":[{"href":"https:\/\/modestihouse.com\/index.php\/wp-json\/wp\/v2\/media?parent=29578"}],"wp:term":[{"taxonomy":"product_brand","embeddable":true,"href":"https:\/\/modestihouse.com\/index.php\/wp-json\/wp\/v2\/product_brand?post=29578"},{"taxonomy":"product_cat","embeddable":true,"href":"https:\/\/modestihouse.com\/index.php\/wp-json\/wp\/v2\/product_cat?post=29578"},{"taxonomy":"product_tag","embeddable":true,"href":"https:\/\/modestihouse.com\/index.php\/wp-json\/wp\/v2\/product_tag?post=29578"}],"curies":[{"name":"wp","href":"https:\/\/api.w.org\/{rel}","templated":true}]}}