{"id":30045,"date":"2024-10-08T09:23:45","date_gmt":"2024-10-08T07:23:45","guid":{"rendered":"https:\/\/modestihouse.com\/?post_type=product&#038;p=30045"},"modified":"2024-10-08T09:25:28","modified_gmt":"2024-10-08T07:25:28","slug":"aparador-bahia-tres-puerta-dos-cajones","status":"publish","type":"product","link":"https:\/\/modestihouse.com\/index.php\/producto\/aparador-bahia-tres-puerta-dos-cajones\/","title":{"rendered":"Aparador Bah\u00eda Tres Puerta + Dos Cajones"},"content":{"rendered":"<p>Aparador modelo BAHIA, lugar ideal para tener a mano parte de la vajilla, cuberter\u00eda y los manteles a utilizar. Tambi\u00e9n puedes ubicarlo en la entrada de casa a modo de recibidor. Es un mueble con estilo propio.<\/p>\n<p>El mueble serie BAHIA es un mueble de madera maciza de pino con acabado en cera. Para que el mueble est\u00e9 nutrido, y brille con luz propia.<\/p>\n<p>Su mantenimiento debe realizarse limpiando el polvo del mueble al menos una vez por semana. Y cuando veas que va perdiendo el brillo, lo deber\u00e1s encerar. No es aconsejable utilizar amoniaco para su limpieza ni otros productos abrasivos.<\/p>\n<p>La cera es perfecta para nutrir la madera maciza, y protegerla de la humedad. La cera le aporta mayor durabilidad al mueble de madera, y tambi\u00e9n brillo.<\/p>\n<p>Tambi\u00e9n puedes optar por aspirar el mueble, seguro que tu aspirador tiene una pieza exclusiva para aspirar los muebles. Sino es as\u00ed est\u00e1 opci\u00f3n no es recomendable a ver si vas acabar por rayar el mueble.<\/p>\n<p>La serie BAHIA dispone de muebles para el sal\u00f3n, el comedor, el dormitorio y la habitaci\u00f3n juvenil.<\/p>\n<p>Todos los muebles de esta serie si bien se pueden comprar en conjuntos tambi\u00e9n se pueden adquirir por separado para que se adapten totalmente a tus necesidades de espacio y gustos.<\/p>\n<p>&nbsp;<\/p>\n<p>Medidas L165 x F50 x A90<\/p>\n<p>&nbsp;<\/p>\n","protected":false},"excerpt":{"rendered":"<p>Aparador Bahia<\/p>\n","protected":false},"featured_media":30136,"template":"","meta":[],"product_brand":[],"product_cat":[202,71,99,209],"product_tag":[],"class_list":{"0":"post-30045","1":"product","2":"type-product","3":"status-publish","4":"has-post-thumbnail","6":"product_cat-aparadores","7":"product_cat-muebles","8":"product_cat-rusticos","9":"product_cat-salones-rustico","11":"first","12":"instock","13":"shipping-taxable","14":"purchasable","15":"product-type-simple"},"aioseo_notices":[],"_links":{"self":[{"href":"https:\/\/modestihouse.com\/index.php\/wp-json\/wp\/v2\/product\/30045","targetHints":{"allow":["GET"]}}],"collection":[{"href":"https:\/\/modestihouse.com\/index.php\/wp-json\/wp\/v2\/product"}],"about":[{"href":"https:\/\/modestihouse.com\/index.php\/wp-json\/wp\/v2\/types\/product"}],"wp:featuredmedia":[{"embeddable":true,"href":"https:\/\/modestihouse.com\/index.php\/wp-json\/wp\/v2\/media\/30136"}],"wp:attachment":[{"href":"https:\/\/modestihouse.com\/index.php\/wp-json\/wp\/v2\/media?parent=30045"}],"wp:term":[{"taxonomy":"product_brand","embeddable":true,"href":"https:\/\/modestihouse.com\/index.php\/wp-json\/wp\/v2\/product_brand?post=30045"},{"taxonomy":"product_cat","embeddable":true,"href":"https:\/\/modestihouse.com\/index.php\/wp-json\/wp\/v2\/product_cat?post=30045"},{"taxonomy":"product_tag","embeddable":true,"href":"https:\/\/modestihouse.com\/index.php\/wp-json\/wp\/v2\/product_tag?post=30045"}],"curies":[{"name":"wp","href":"https:\/\/api.w.org\/{rel}","templated":true}]}}