{"id":30660,"date":"2024-10-08T09:37:12","date_gmt":"2024-10-08T07:37:12","guid":{"rendered":"https:\/\/modestihouse.com\/?post_type=product&#038;p=30660"},"modified":"2024-10-08T09:38:37","modified_gmt":"2024-10-08T07:38:37","slug":"silla-tebas","status":"publish","type":"product","link":"https:\/\/modestihouse.com\/index.php\/producto\/silla-tebas\/","title":{"rendered":"SILLA TEBAS"},"content":{"rendered":"<p>Silla de estilo contempor\u00e1neo, tiene una estructura met\u00e1lica con cuatro patas en color negro. Tapizado acolchado de asiento y respaldo en tejido 100 % poli\u00e9ster de tacto suave en diferentes colores con bord\u00f3n cosido en el lateral reforzado y pespuntes en horizontal en respaldo que aportan una imagen muy personal a la silla. Esta silla posee un dise\u00f1o de vanguardia, y una versatilidad que har\u00e1 que la puedas ubicar en distintas estancias.<\/p>\n<p>CARACTER\u00cdSTICAS:<\/p>\n<p>    Material Pata Metal, Tela<br \/>\n    Estilo contempor\u00e1neo<br \/>\n    Se sirve desmontado<br \/>\n    Propiedades: 4 unidades por caja.<\/p>\n","protected":false},"excerpt":{"rendered":"<p>Silla de estilo contempor\u00e1neo, tiene una estructura met\u00e1lica con cuatro patas en color negro.<\/p>\n","protected":false},"featured_media":30737,"template":"","meta":[],"product_brand":[],"product_cat":[71,222],"product_tag":[],"class_list":{"0":"post-30660","1":"product","2":"type-product","3":"status-publish","4":"has-post-thumbnail","6":"product_cat-muebles","7":"product_cat-silla-comedor","9":"first","10":"instock","11":"shipping-taxable","12":"purchasable","13":"product-type-variable"},"aioseo_notices":[],"_links":{"self":[{"href":"https:\/\/modestihouse.com\/index.php\/wp-json\/wp\/v2\/product\/30660","targetHints":{"allow":["GET"]}}],"collection":[{"href":"https:\/\/modestihouse.com\/index.php\/wp-json\/wp\/v2\/product"}],"about":[{"href":"https:\/\/modestihouse.com\/index.php\/wp-json\/wp\/v2\/types\/product"}],"wp:featuredmedia":[{"embeddable":true,"href":"https:\/\/modestihouse.com\/index.php\/wp-json\/wp\/v2\/media\/30737"}],"wp:attachment":[{"href":"https:\/\/modestihouse.com\/index.php\/wp-json\/wp\/v2\/media?parent=30660"}],"wp:term":[{"taxonomy":"product_brand","embeddable":true,"href":"https:\/\/modestihouse.com\/index.php\/wp-json\/wp\/v2\/product_brand?post=30660"},{"taxonomy":"product_cat","embeddable":true,"href":"https:\/\/modestihouse.com\/index.php\/wp-json\/wp\/v2\/product_cat?post=30660"},{"taxonomy":"product_tag","embeddable":true,"href":"https:\/\/modestihouse.com\/index.php\/wp-json\/wp\/v2\/product_tag?post=30660"}],"curies":[{"name":"wp","href":"https:\/\/api.w.org\/{rel}","templated":true}]}}