{"id":30691,"date":"2024-10-08T09:37:39","date_gmt":"2024-10-08T07:37:39","guid":{"rendered":"https:\/\/modestihouse.com\/?post_type=product&#038;p=30691"},"modified":"2024-10-08T09:38:45","modified_gmt":"2024-10-08T07:38:45","slug":"bahia-silla","status":"publish","type":"product","link":"https:\/\/modestihouse.com\/index.php\/producto\/bahia-silla\/","title":{"rendered":"BAHIA SILLA"},"content":{"rendered":"<p>Sillas de estilo r\u00fastico fabricadas en su totalidad con madera maciza de pino de primera calidad acabado a la cera, la cual otorgar\u00e1 una excelente conservaci\u00f3n y resistencia al paso del tiempo. Estas sillas se sirven en juegos de 2 y est\u00e1n dise\u00f1adas de manera que la disposici\u00f3n de los tres travesa\u00f1os de los que dispone aumente su estabilidad y durabilidad. Son perfectas para su adquisici\u00f3n, por ejemplo, junto con la mesa comedor de la serie Bah\u00eda.<\/p>\n<p>CARACTER\u00cdSTICAS:<\/p>\n<p>    Madera de pino con acabado a la cera.<br \/>\n    Propiedades: 2 unidades por caja.<\/p>\n","protected":false},"excerpt":{"rendered":"<p>Sillas de estilo r\u00fastico fabricadas en su totalidad con madera maciza de pino de primera calidad acabado a la cera<\/p>\n","protected":false},"featured_media":30777,"template":"","meta":[],"product_brand":[],"product_cat":[71,222],"product_tag":[],"class_list":{"0":"post-30691","1":"product","2":"type-product","3":"status-publish","4":"has-post-thumbnail","6":"product_cat-muebles","7":"product_cat-silla-comedor","9":"first","10":"instock","11":"shipping-taxable","12":"purchasable","13":"product-type-simple"},"aioseo_notices":[],"_links":{"self":[{"href":"https:\/\/modestihouse.com\/index.php\/wp-json\/wp\/v2\/product\/30691","targetHints":{"allow":["GET"]}}],"collection":[{"href":"https:\/\/modestihouse.com\/index.php\/wp-json\/wp\/v2\/product"}],"about":[{"href":"https:\/\/modestihouse.com\/index.php\/wp-json\/wp\/v2\/types\/product"}],"wp:featuredmedia":[{"embeddable":true,"href":"https:\/\/modestihouse.com\/index.php\/wp-json\/wp\/v2\/media\/30777"}],"wp:attachment":[{"href":"https:\/\/modestihouse.com\/index.php\/wp-json\/wp\/v2\/media?parent=30691"}],"wp:term":[{"taxonomy":"product_brand","embeddable":true,"href":"https:\/\/modestihouse.com\/index.php\/wp-json\/wp\/v2\/product_brand?post=30691"},{"taxonomy":"product_cat","embeddable":true,"href":"https:\/\/modestihouse.com\/index.php\/wp-json\/wp\/v2\/product_cat?post=30691"},{"taxonomy":"product_tag","embeddable":true,"href":"https:\/\/modestihouse.com\/index.php\/wp-json\/wp\/v2\/product_tag?post=30691"}],"curies":[{"name":"wp","href":"https:\/\/api.w.org\/{rel}","templated":true}]}}