{"id":30729,"date":"2024-10-08T09:38:05","date_gmt":"2024-10-08T07:38:05","guid":{"rendered":"https:\/\/modestihouse.com\/?post_type=product&#038;p=30729"},"modified":"2024-10-16T09:08:32","modified_gmt":"2024-10-16T07:08:32","slug":"leira-sillon-relax-manual","status":"publish","type":"product","link":"https:\/\/modestihouse.com\/index.php\/producto\/leira-sillon-relax-manual\/","title":{"rendered":"LEIRA SILLON RELAX MANUAL"},"content":{"rendered":"<p>El sill\u00f3n relax Leira es un modelo muy funcional y moderno que se adapta a cualquier estilo de mobiliario, por su dise\u00f1o discreto y elegante.<\/p>\n<p>\u2022 COMODIDAD: Este sill\u00f3n relax tiene un mecanismo de accionamiento manual mediante empuje. Podr\u00e1s disfrutar de su c\u00f3modo reposapi\u00e9s extensible y respaldo reclinable. Adem\u00e1s, es un sill\u00f3n relax sin cables, por lo que su instalaci\u00f3n es muy sencilla, pudiendo colocarlo en cualquier rinc\u00f3n de tu hogar.<\/p>\n<p>\u2022 CALIDAD: Tapizado en tela de primera calidad, espuma y fibra de SuperSoft con bloque de muelle &#8216;zig zag&#8217; en el asiento. La firmeza de su espumaci\u00f3n combinada con la adaptabilidad de su respaldo es garant\u00eda de m\u00e1ximo confort.<br \/>\nMedidas:<\/p>\n<p>L65 x F76\/162 x A98\/52<\/p>\n","protected":false},"excerpt":{"rendered":"<p>El sill\u00f3n relax Leira es un modelo muy funcional y moderno que se adapta a cualquier estilo de mobiliario,<\/p>\n","protected":false},"featured_media":30803,"template":"","meta":[],"product_brand":[],"product_cat":[429],"product_tag":[],"class_list":{"0":"post-30729","1":"product","2":"type-product","3":"status-publish","4":"has-post-thumbnail","6":"product_cat-sillones-relax","8":"first","9":"instock","10":"shipping-taxable","11":"purchasable","12":"product-type-variable"},"aioseo_notices":[],"_links":{"self":[{"href":"https:\/\/modestihouse.com\/index.php\/wp-json\/wp\/v2\/product\/30729","targetHints":{"allow":["GET"]}}],"collection":[{"href":"https:\/\/modestihouse.com\/index.php\/wp-json\/wp\/v2\/product"}],"about":[{"href":"https:\/\/modestihouse.com\/index.php\/wp-json\/wp\/v2\/types\/product"}],"wp:featuredmedia":[{"embeddable":true,"href":"https:\/\/modestihouse.com\/index.php\/wp-json\/wp\/v2\/media\/30803"}],"wp:attachment":[{"href":"https:\/\/modestihouse.com\/index.php\/wp-json\/wp\/v2\/media?parent=30729"}],"wp:term":[{"taxonomy":"product_brand","embeddable":true,"href":"https:\/\/modestihouse.com\/index.php\/wp-json\/wp\/v2\/product_brand?post=30729"},{"taxonomy":"product_cat","embeddable":true,"href":"https:\/\/modestihouse.com\/index.php\/wp-json\/wp\/v2\/product_cat?post=30729"},{"taxonomy":"product_tag","embeddable":true,"href":"https:\/\/modestihouse.com\/index.php\/wp-json\/wp\/v2\/product_tag?post=30729"}],"curies":[{"name":"wp","href":"https:\/\/api.w.org\/{rel}","templated":true}]}}