{"id":30813,"date":"2024-10-08T09:39:39","date_gmt":"2024-10-08T07:39:39","guid":{"rendered":"https:\/\/modestihouse.com\/?post_type=product&#038;p=30813"},"modified":"2024-11-08T18:01:33","modified_gmt":"2024-11-08T17:01:33","slug":"lara-cabecero-c-patas-160-cm","status":"publish","type":"product","link":"https:\/\/modestihouse.com\/index.php\/producto\/lara-cabecero-c-patas-160-cm\/","title":{"rendered":"CABECERO SARA C\/PATAS 160 CM"},"content":{"rendered":"<p>Si buscas un cabecero original para tu cama en color madera, el cabecero Lara 160 cm es la mejor opci\u00f3n, se trata de un cabecero de cama que va sujeto a la pared y llega hasta el suelo, formado por una estructura enmarcada en color Cambrian o pino Andersen y que en el centro est\u00e1 decorado con 6 plafones en relieve, la separaci\u00f3n de estos plafones va decorada en color blanco, grafito o gris seg\u00fan el modelo que elijas. Preparado para acompa\u00f1ar tanto a camas de 150 cm como de 135 cm, quedar\u00e1 perfecto en cualquier habitaci\u00f3n.<\/p>\n<p>Un cabecero barato pero con el mejor dise\u00f1o, un estilo que recuerda a los dormitorios n\u00f3rdicos ya que esta acabado en tonos de madera clara lo que nos aportar\u00e1 un toque luminoso y de calidez en el dormitorio de matrimonio.<\/p>\n<p>Acabados disponibles<\/p>\n<p>Cambrian &#8211; Blanco<br \/>\nCambrian &#8211; Grafito<br \/>\nPino Andersen &#8211; Gris<\/p>\n<p>Caracter\u00edsticas cabecero con patas Lara<\/p>\n<p>Se sirve desmontado<br \/>\nCabecero de cama con patas<br \/>\n6 plafones decorativos<\/p>\n<p>Si lo necesitas, en la serie Lara que te ofrecemos tambi\u00e9n dispones de armarios, mesitas de noche, sinfonier y c\u00f3moda para que amuebles a medida el dormitorio de tus sue\u00f1os.<br \/>\nMedidas<br \/>\nL160 x F3,8 x A120<\/p>\n","protected":false},"excerpt":{"rendered":"<p>Si buscas un cabecero original para tu cama en color madera<\/p>\n","protected":false},"featured_media":30877,"template":"","meta":[],"product_brand":[],"product_cat":[233,72,71],"product_tag":[],"class_list":{"0":"post-30813","1":"product","2":"type-product","3":"status-publish","4":"has-post-thumbnail","6":"product_cat-cabecero","7":"product_cat-dormitorios-de-matrimonio","8":"product_cat-muebles","10":"first","11":"instock","12":"shipping-taxable","13":"purchasable","14":"product-type-variable"},"aioseo_notices":[],"_links":{"self":[{"href":"https:\/\/modestihouse.com\/index.php\/wp-json\/wp\/v2\/product\/30813","targetHints":{"allow":["GET"]}}],"collection":[{"href":"https:\/\/modestihouse.com\/index.php\/wp-json\/wp\/v2\/product"}],"about":[{"href":"https:\/\/modestihouse.com\/index.php\/wp-json\/wp\/v2\/types\/product"}],"wp:featuredmedia":[{"embeddable":true,"href":"https:\/\/modestihouse.com\/index.php\/wp-json\/wp\/v2\/media\/30877"}],"wp:attachment":[{"href":"https:\/\/modestihouse.com\/index.php\/wp-json\/wp\/v2\/media?parent=30813"}],"wp:term":[{"taxonomy":"product_brand","embeddable":true,"href":"https:\/\/modestihouse.com\/index.php\/wp-json\/wp\/v2\/product_brand?post=30813"},{"taxonomy":"product_cat","embeddable":true,"href":"https:\/\/modestihouse.com\/index.php\/wp-json\/wp\/v2\/product_cat?post=30813"},{"taxonomy":"product_tag","embeddable":true,"href":"https:\/\/modestihouse.com\/index.php\/wp-json\/wp\/v2\/product_tag?post=30813"}],"curies":[{"name":"wp","href":"https:\/\/api.w.org\/{rel}","templated":true}]}}