{"id":31790,"date":"2024-10-08T09:58:08","date_gmt":"2024-10-08T07:58:08","guid":{"rendered":"https:\/\/modestihouse.com\/?post_type=product&#038;p=31790"},"modified":"2024-10-08T09:59:04","modified_gmt":"2024-10-08T07:59:04","slug":"colchon-anti-incontinencias","status":"publish","type":"product","link":"https:\/\/modestihouse.com\/index.php\/producto\/colchon-anti-incontinencias\/","title":{"rendered":"Colch\u00f3n Anti incontinencias"},"content":{"rendered":"<p>Colch\u00f3n sistema ortop\u00e9dico sin Muelles anti incontinencia\u00a0 con funda doble y Sanitaria lavable,<\/p>\n<p>La incontinencia urinaria , derrames de l\u00edquidos y fluidos es un problema muy habitual en las personas mayores o personas que sufren alguna discapacidad , para solucionar este problema en Modesti House ,encontrar\u00e1s una gran cantidad de productos adaptados a diferentes situaciones,<\/p>\n<p>Consultar Stock Disponible.<\/p>\n","protected":false},"excerpt":{"rendered":"<p>Colch\u00f3n sistema ortop\u00e9dico sin Muelles anti incontinencia\u00a0 con funda doble y Sanitaria lavable, La incontinencia urinaria , derrames de l\u00edquidos<\/p>\n","protected":false},"featured_media":31851,"template":"","meta":[],"product_brand":[],"product_cat":[230],"product_tag":[],"class_list":{"0":"post-31790","1":"product","2":"type-product","3":"status-publish","4":"has-post-thumbnail","6":"product_cat-ortopedia","8":"first","9":"instock","10":"sale","11":"shipping-taxable","12":"purchasable","13":"product-type-simple"},"aioseo_notices":[],"_links":{"self":[{"href":"https:\/\/modestihouse.com\/index.php\/wp-json\/wp\/v2\/product\/31790","targetHints":{"allow":["GET"]}}],"collection":[{"href":"https:\/\/modestihouse.com\/index.php\/wp-json\/wp\/v2\/product"}],"about":[{"href":"https:\/\/modestihouse.com\/index.php\/wp-json\/wp\/v2\/types\/product"}],"wp:featuredmedia":[{"embeddable":true,"href":"https:\/\/modestihouse.com\/index.php\/wp-json\/wp\/v2\/media\/31851"}],"wp:attachment":[{"href":"https:\/\/modestihouse.com\/index.php\/wp-json\/wp\/v2\/media?parent=31790"}],"wp:term":[{"taxonomy":"product_brand","embeddable":true,"href":"https:\/\/modestihouse.com\/index.php\/wp-json\/wp\/v2\/product_brand?post=31790"},{"taxonomy":"product_cat","embeddable":true,"href":"https:\/\/modestihouse.com\/index.php\/wp-json\/wp\/v2\/product_cat?post=31790"},{"taxonomy":"product_tag","embeddable":true,"href":"https:\/\/modestihouse.com\/index.php\/wp-json\/wp\/v2\/product_tag?post=31790"}],"curies":[{"name":"wp","href":"https:\/\/api.w.org\/{rel}","templated":true}]}}