{"id":31933,"date":"2024-10-08T10:00:00","date_gmt":"2024-10-08T08:00:00","guid":{"rendered":"https:\/\/modestihouse.com\/?post_type=product&#038;p=31933"},"modified":"2024-10-08T10:00:31","modified_gmt":"2024-10-08T08:00:31","slug":"mueble-composicion-salerno-27m-c-cambria-blanco-led","status":"publish","type":"product","link":"https:\/\/modestihouse.com\/index.php\/producto\/mueble-composicion-salerno-27m-c-cambria-blanco-led\/","title":{"rendered":"Mueble Composici\u00f3n Salerno  2,7M C\/Cambria Blanco Led"},"content":{"rendered":"<p>Composici\u00f3n apilable de sal\u00f3n con iluminaci\u00f3n led modelo SALERNO, color cambrian\/blanco.<\/p>\n<p>La versatilidad es una de las caracter\u00edsticas de los juegos de muebles para sala de estar. Por ejemplo, puede ser un recibidor combinado con un dormitorio, cocina, estudio o comedor.<\/p>\n<p>&nbsp;<\/p>\n<p><strong>Medidas:<\/strong><\/p>\n<p>L270 x F40 x\u00a0A200<\/p>\n","protected":false},"excerpt":{"rendered":"<p>Composici\u00f3n apilable de sal\u00f3n con iluminaci\u00f3n led modelo SALERNO, color cambrian\/blanco. La versatilidad es una de las caracter\u00edsticas de los<\/p>\n","protected":false},"featured_media":31982,"template":"","meta":[],"product_brand":[],"product_cat":[78],"product_tag":[],"class_list":{"0":"post-31933","1":"product","2":"type-product","3":"status-publish","4":"has-post-thumbnail","6":"product_cat-composiciones-de-salon","8":"first","9":"instock","10":"sale","11":"shipping-taxable","12":"purchasable","13":"product-type-simple"},"aioseo_notices":[],"_links":{"self":[{"href":"https:\/\/modestihouse.com\/index.php\/wp-json\/wp\/v2\/product\/31933","targetHints":{"allow":["GET"]}}],"collection":[{"href":"https:\/\/modestihouse.com\/index.php\/wp-json\/wp\/v2\/product"}],"about":[{"href":"https:\/\/modestihouse.com\/index.php\/wp-json\/wp\/v2\/types\/product"}],"wp:featuredmedia":[{"embeddable":true,"href":"https:\/\/modestihouse.com\/index.php\/wp-json\/wp\/v2\/media\/31982"}],"wp:attachment":[{"href":"https:\/\/modestihouse.com\/index.php\/wp-json\/wp\/v2\/media?parent=31933"}],"wp:term":[{"taxonomy":"product_brand","embeddable":true,"href":"https:\/\/modestihouse.com\/index.php\/wp-json\/wp\/v2\/product_brand?post=31933"},{"taxonomy":"product_cat","embeddable":true,"href":"https:\/\/modestihouse.com\/index.php\/wp-json\/wp\/v2\/product_cat?post=31933"},{"taxonomy":"product_tag","embeddable":true,"href":"https:\/\/modestihouse.com\/index.php\/wp-json\/wp\/v2\/product_tag?post=31933"}],"curies":[{"name":"wp","href":"https:\/\/api.w.org\/{rel}","templated":true}]}}