{"id":32074,"date":"2024-10-08T10:01:45","date_gmt":"2024-10-08T08:01:45","guid":{"rendered":"https:\/\/modestihouse.com\/?post_type=product&#038;p=32074"},"modified":"2024-10-08T10:01:56","modified_gmt":"2024-10-08T08:01:56","slug":"office-line-mesa-oficina-160-cm","status":"publish","type":"product","link":"https:\/\/modestihouse.com\/index.php\/producto\/office-line-mesa-oficina-160-cm\/","title":{"rendered":"OFFICE LINE MESA OFICINA 160 CM"},"content":{"rendered":"<p>&nbsp;<\/p>\n<p>Mesa oficina 160 CM modelo OFFICE LINE, color cambrian.<\/p>\n<p>Parte conjunto de oficina modelo OFFICE LINE. Elementos c\u00f3modos, color cambrian, patas y tiradores de metal que hacen una combinaci\u00f3n perfecta entre s\u00ed.<\/p>\n<p>&nbsp;<\/p>\n<p><strong>Medidas:<\/strong><\/p>\n<p>L160 x F70 x A77,5<\/p>\n","protected":false},"excerpt":{"rendered":"<p>&nbsp; Mesa oficina 160 CM modelo OFFICE LINE, color cambrian. Parte conjunto de oficina modelo OFFICE LINE. Elementos c\u00f3modos, color<\/p>\n","protected":false},"featured_media":32105,"template":"","meta":[],"product_brand":[],"product_cat":[351,352],"product_tag":[],"class_list":{"0":"post-32074","1":"product","2":"type-product","3":"status-publish","4":"has-post-thumbnail","6":"product_cat-oficina","7":"product_cat-oficina-2","9":"first","10":"instock","11":"shipping-taxable","12":"purchasable","13":"product-type-simple"},"aioseo_notices":[],"_links":{"self":[{"href":"https:\/\/modestihouse.com\/index.php\/wp-json\/wp\/v2\/product\/32074","targetHints":{"allow":["GET"]}}],"collection":[{"href":"https:\/\/modestihouse.com\/index.php\/wp-json\/wp\/v2\/product"}],"about":[{"href":"https:\/\/modestihouse.com\/index.php\/wp-json\/wp\/v2\/types\/product"}],"wp:featuredmedia":[{"embeddable":true,"href":"https:\/\/modestihouse.com\/index.php\/wp-json\/wp\/v2\/media\/32105"}],"wp:attachment":[{"href":"https:\/\/modestihouse.com\/index.php\/wp-json\/wp\/v2\/media?parent=32074"}],"wp:term":[{"taxonomy":"product_brand","embeddable":true,"href":"https:\/\/modestihouse.com\/index.php\/wp-json\/wp\/v2\/product_brand?post=32074"},{"taxonomy":"product_cat","embeddable":true,"href":"https:\/\/modestihouse.com\/index.php\/wp-json\/wp\/v2\/product_cat?post=32074"},{"taxonomy":"product_tag","embeddable":true,"href":"https:\/\/modestihouse.com\/index.php\/wp-json\/wp\/v2\/product_tag?post=32074"}],"curies":[{"name":"wp","href":"https:\/\/api.w.org\/{rel}","templated":true}]}}