{"id":32229,"date":"2024-10-08T10:03:37","date_gmt":"2024-10-08T08:03:37","guid":{"rendered":"https:\/\/modestihouse.com\/?post_type=product&#038;p=32229"},"modified":"2024-10-08T10:03:56","modified_gmt":"2024-10-08T08:03:56","slug":"termo-electrico-kimpo-15-litros","status":"publish","type":"product","link":"https:\/\/modestihouse.com\/index.php\/producto\/termo-electrico-kimpo-15-litros\/","title":{"rendered":"TERMO EL\u00c9CTRICO KIMPO 15 LITROS"},"content":{"rendered":"<h1 class=\"h1 product-detail-name\">TERMO EL\u00c9CTRICO 15 LITROS<\/h1>\n<div class=\"productRef\">Ref:D15V15Q1<\/div>\n<div>\n<p>Termo el\u00e9ctrico 15 litros Control externo temperatura, Interior enamel vitrificado: Dise\u00f1ado especialmente para aguas calcificadas 1.500W.<\/p>\n<p>Interior aislante para prevenir perdidas calor y ahorro energ\u00eda, Temperatura: +\/- 75\u00baC, Presi\u00f3n: 8 bares, Corriente: 6.5A, Protecci\u00f3n contra sobrecalentamiento y contra uso en seco<\/p>\n<p>DIMENSIONES: cm (an) x cm (al) x cm (f)<\/p>\n<\/div>\n<div><\/div>\n","protected":false},"excerpt":{"rendered":"<p>TERMO EL\u00c9CTRICO 15 LITROS Ref:D15V15Q1 Termo el\u00e9ctrico 15 litros Control externo temperatura, Interior enamel vitrificado: Dise\u00f1ado especialmente para aguas calcificadas<\/p>\n","protected":false},"featured_media":32258,"template":"","meta":[],"product_brand":[],"product_cat":[356,362],"product_tag":[],"class_list":{"0":"post-32229","1":"product","2":"type-product","3":"status-publish","4":"has-post-thumbnail","6":"product_cat-electrodomesticos","7":"product_cat-termos","9":"first","10":"instock","11":"shipping-taxable","12":"purchasable","13":"product-type-simple"},"aioseo_notices":[],"_links":{"self":[{"href":"https:\/\/modestihouse.com\/index.php\/wp-json\/wp\/v2\/product\/32229","targetHints":{"allow":["GET"]}}],"collection":[{"href":"https:\/\/modestihouse.com\/index.php\/wp-json\/wp\/v2\/product"}],"about":[{"href":"https:\/\/modestihouse.com\/index.php\/wp-json\/wp\/v2\/types\/product"}],"wp:featuredmedia":[{"embeddable":true,"href":"https:\/\/modestihouse.com\/index.php\/wp-json\/wp\/v2\/media\/32258"}],"wp:attachment":[{"href":"https:\/\/modestihouse.com\/index.php\/wp-json\/wp\/v2\/media?parent=32229"}],"wp:term":[{"taxonomy":"product_brand","embeddable":true,"href":"https:\/\/modestihouse.com\/index.php\/wp-json\/wp\/v2\/product_brand?post=32229"},{"taxonomy":"product_cat","embeddable":true,"href":"https:\/\/modestihouse.com\/index.php\/wp-json\/wp\/v2\/product_cat?post=32229"},{"taxonomy":"product_tag","embeddable":true,"href":"https:\/\/modestihouse.com\/index.php\/wp-json\/wp\/v2\/product_tag?post=32229"}],"curies":[{"name":"wp","href":"https:\/\/api.w.org\/{rel}","templated":true}]}}