{"id":32279,"date":"2024-10-08T10:04:05","date_gmt":"2024-10-08T08:04:05","guid":{"rendered":"https:\/\/modestihouse.com\/?post_type=product&#038;p=32279"},"modified":"2024-10-08T10:04:59","modified_gmt":"2024-10-08T08:04:59","slug":"mesita-romantica-3c-multicolor","status":"publish","type":"product","link":"https:\/\/modestihouse.com\/index.php\/producto\/mesita-romantica-3c-multicolor\/","title":{"rendered":"MESITA ROMANTICA 3C MULTICOLOR"},"content":{"rendered":"<p>Mesita de noche Rom\u00e1ntica, realizada en madera de pino multicolor de 46&#215;35 cm. Estructura y caj\u00f3n superior lacado en color blanco, y cajones inferiores con un acabado decapado en diferentes colores. Tiradores met\u00e1licos en forma de concha.<\/p>\n<p>Su dise\u00f1o en l\u00edneas rectas, puras y limpias, junto con su acertada combinaci\u00f3n de los colores crear\u00e1 un ambiente acogedor y equilibrado, consiguiendo as\u00ed un dormitorio confortable con un estilo c\u00e1lido y luminoso.<\/p>\n<p>Medidas:<\/p>\n<p>L46 x F35 x A65<\/p>\n","protected":false},"excerpt":{"rendered":"<p>Mesita de noche Rom\u00e1ntica, realizada en madera de pino multicolor de 46&#215;35 cm. Estructura y caj\u00f3n superior lacado en color<\/p>\n","protected":false},"featured_media":32338,"template":"","meta":[],"product_brand":[],"product_cat":[195,80,89,71],"product_tag":[],"class_list":{"0":"post-32279","1":"product","2":"type-product","3":"status-publish","4":"has-post-thumbnail","6":"product_cat-mesa-noche","7":"product_cat-mesas","8":"product_cat-mesitas","9":"product_cat-muebles","11":"first","12":"instock","13":"sale","14":"shipping-taxable","15":"purchasable","16":"product-type-simple"},"aioseo_notices":[],"_links":{"self":[{"href":"https:\/\/modestihouse.com\/index.php\/wp-json\/wp\/v2\/product\/32279","targetHints":{"allow":["GET"]}}],"collection":[{"href":"https:\/\/modestihouse.com\/index.php\/wp-json\/wp\/v2\/product"}],"about":[{"href":"https:\/\/modestihouse.com\/index.php\/wp-json\/wp\/v2\/types\/product"}],"wp:featuredmedia":[{"embeddable":true,"href":"https:\/\/modestihouse.com\/index.php\/wp-json\/wp\/v2\/media\/32338"}],"wp:attachment":[{"href":"https:\/\/modestihouse.com\/index.php\/wp-json\/wp\/v2\/media?parent=32279"}],"wp:term":[{"taxonomy":"product_brand","embeddable":true,"href":"https:\/\/modestihouse.com\/index.php\/wp-json\/wp\/v2\/product_brand?post=32279"},{"taxonomy":"product_cat","embeddable":true,"href":"https:\/\/modestihouse.com\/index.php\/wp-json\/wp\/v2\/product_cat?post=32279"},{"taxonomy":"product_tag","embeddable":true,"href":"https:\/\/modestihouse.com\/index.php\/wp-json\/wp\/v2\/product_tag?post=32279"}],"curies":[{"name":"wp","href":"https:\/\/api.w.org\/{rel}","templated":true}]}}