{"id":32402,"date":"2024-10-08T10:05:59","date_gmt":"2024-10-08T08:05:59","guid":{"rendered":"https:\/\/modestihouse.com\/?post_type=product&#038;p=32402"},"modified":"2024-10-08T10:06:50","modified_gmt":"2024-10-08T08:06:50","slug":"hobart-sofa-3p-chaise","status":"publish","type":"product","link":"https:\/\/modestihouse.com\/index.php\/producto\/hobart-sofa-3p-chaise\/","title":{"rendered":"HOBART SOFA 3P + CHAISE"},"content":{"rendered":"<p>Para un sal\u00f3n acogedor, elija el gran sof\u00e1 esquinero HOBART. Este sof\u00e1 de 255 cm combina toda la elegancia de un tapizado de lino con la suavidad de una tonalidad natural. Viene con un total de 8 cojines: 6x cojines de respaldo grandes con forma cuadrada, 2x cojines cuadrados y nos invitan a un momento de relajaci\u00f3n \u00fanico.<\/p>\n<p><strong>Caracter\u00edsticas T\u00e9cnicas<\/strong><\/p>\n<ul>\n<li>Estructura: Madera.<\/li>\n<li>Composici\u00f3n : Madera y metal.<\/li>\n<li>Cojines grandes: 50 x 50 cm.<\/li>\n<li>Cojines peque\u00f1os: 35 x 35 cm.<\/li>\n<li>Color de la tela o revestimiento: Natural..<\/li>\n<li>Estilo: dise\u00f1o contempor\u00e1neo.<\/li>\n<li>Especificidades : La funda del sof\u00e1 se puede quitar completamente y lavar a m\u00e1quina a 30\u00b0c.<\/li>\n<li>Otras especificidades: Las suspensiones \u00abNosag\u00bb est\u00e1n integradas en la estructura, realizada en madera maciza de \u00e1lamo, que ofrece un confort adicional para sentarse.<\/li>\n<\/ul>\n<p>Colores disponibles<\/p>\n<p>Gris y Beige<\/p>\n<p><strong>Medidas:<\/strong><\/p>\n<p>L265 x F158 x A84<\/p>\n","protected":false},"excerpt":{"rendered":"<p>Para un sal\u00f3n acogedor, elija el gran sof\u00e1 esquinero HOBART. Este sof\u00e1 de 255 cm combina toda la elegancia de<\/p>\n","protected":false},"featured_media":32480,"template":"","meta":[],"product_brand":[],"product_cat":[255,269],"product_tag":[],"class_list":{"0":"post-32402","1":"product","2":"type-product","3":"status-publish","4":"has-post-thumbnail","6":"product_cat-chaiselongues","7":"product_cat-sofa-3p","9":"first","10":"instock","11":"sale","12":"shipping-taxable","13":"purchasable","14":"product-type-simple"},"aioseo_notices":[],"_links":{"self":[{"href":"https:\/\/modestihouse.com\/index.php\/wp-json\/wp\/v2\/product\/32402","targetHints":{"allow":["GET"]}}],"collection":[{"href":"https:\/\/modestihouse.com\/index.php\/wp-json\/wp\/v2\/product"}],"about":[{"href":"https:\/\/modestihouse.com\/index.php\/wp-json\/wp\/v2\/types\/product"}],"wp:featuredmedia":[{"embeddable":true,"href":"https:\/\/modestihouse.com\/index.php\/wp-json\/wp\/v2\/media\/32480"}],"wp:attachment":[{"href":"https:\/\/modestihouse.com\/index.php\/wp-json\/wp\/v2\/media?parent=32402"}],"wp:term":[{"taxonomy":"product_brand","embeddable":true,"href":"https:\/\/modestihouse.com\/index.php\/wp-json\/wp\/v2\/product_brand?post=32402"},{"taxonomy":"product_cat","embeddable":true,"href":"https:\/\/modestihouse.com\/index.php\/wp-json\/wp\/v2\/product_cat?post=32402"},{"taxonomy":"product_tag","embeddable":true,"href":"https:\/\/modestihouse.com\/index.php\/wp-json\/wp\/v2\/product_tag?post=32402"}],"curies":[{"name":"wp","href":"https:\/\/api.w.org\/{rel}","templated":true}]}}