{"id":32675,"date":"2024-10-08T10:09:09","date_gmt":"2024-10-08T08:09:09","guid":{"rendered":"https:\/\/modestihouse.com\/?post_type=product&#038;p=32675"},"modified":"2024-10-08T10:10:48","modified_gmt":"2024-10-08T08:10:48","slug":"sofa-oporto-2p","status":"publish","type":"product","link":"https:\/\/modestihouse.com\/index.php\/producto\/sofa-oporto-2p\/","title":{"rendered":"Sofa Oporto 2P"},"content":{"rendered":"<p><strong>CARACTER\u00cdSTICAS:<\/strong><\/p>\n<ul>\n<li>Armaz\u00f3n de pino gallego y costados de tablero de part\u00edculas.<\/li>\n<li>Respaldos y brazos de fibra 100%.<\/li>\n<li>Asientos goma espuma D-28kg. recubiertos de fibra.<\/li>\n<li>Bastidor de muelles zig-zag.<\/li>\n<\/ul>\n<p>Colores Disponibles: Marengo, Beige, Vison y Turquesa<\/p>\n<p><strong>Medidas:<\/strong><\/p>\n<p>L165\u00a0x\u00a0F95 x\u00a0A102<\/p>\n","protected":false},"excerpt":{"rendered":"<p>CARACTER\u00cdSTICAS: Armaz\u00f3n de pino gallego y costados de tablero de part\u00edculas. Respaldos y brazos de fibra 100%. Asientos goma espuma<\/p>\n","protected":false},"featured_media":32808,"template":"","meta":[],"product_brand":[],"product_cat":[280,75],"product_tag":[],"class_list":{"0":"post-32675","1":"product","2":"type-product","3":"status-publish","4":"has-post-thumbnail","6":"product_cat-sofa-2p","7":"product_cat-sofas-y-sillones","9":"first","10":"instock","11":"sale","12":"shipping-taxable","13":"purchasable","14":"product-type-simple"},"aioseo_notices":[],"_links":{"self":[{"href":"https:\/\/modestihouse.com\/index.php\/wp-json\/wp\/v2\/product\/32675","targetHints":{"allow":["GET"]}}],"collection":[{"href":"https:\/\/modestihouse.com\/index.php\/wp-json\/wp\/v2\/product"}],"about":[{"href":"https:\/\/modestihouse.com\/index.php\/wp-json\/wp\/v2\/types\/product"}],"wp:featuredmedia":[{"embeddable":true,"href":"https:\/\/modestihouse.com\/index.php\/wp-json\/wp\/v2\/media\/32808"}],"wp:attachment":[{"href":"https:\/\/modestihouse.com\/index.php\/wp-json\/wp\/v2\/media?parent=32675"}],"wp:term":[{"taxonomy":"product_brand","embeddable":true,"href":"https:\/\/modestihouse.com\/index.php\/wp-json\/wp\/v2\/product_brand?post=32675"},{"taxonomy":"product_cat","embeddable":true,"href":"https:\/\/modestihouse.com\/index.php\/wp-json\/wp\/v2\/product_cat?post=32675"},{"taxonomy":"product_tag","embeddable":true,"href":"https:\/\/modestihouse.com\/index.php\/wp-json\/wp\/v2\/product_tag?post=32675"}],"curies":[{"name":"wp","href":"https:\/\/api.w.org\/{rel}","templated":true}]}}