{"id":32852,"date":"2024-10-08T10:11:22","date_gmt":"2024-10-08T08:11:22","guid":{"rendered":"https:\/\/modestihouse.com\/?post_type=product&#038;p=32852"},"modified":"2024-10-08T10:13:31","modified_gmt":"2024-10-08T08:13:31","slug":"silla-tebas-comedor-p-negra","status":"publish","type":"product","link":"https:\/\/modestihouse.com\/index.php\/producto\/silla-tebas-comedor-p-negra\/","title":{"rendered":"Silla Tebas Comedor P\/Negra"},"content":{"rendered":"<p>Silla de estilo contempor\u00e1neo, tiene una estructura met\u00e1lica con cuatro patas en color negro. Tapizado acolchado de asiento y respaldo en tejido 100 % poli\u00e9ster de tacto suave en diferentes colores con bord\u00f3n cosido en el lateral reforzado y pespuntes en rombo en respaldo que aportan una imagen muy personal a la silla. Esta silla posee un dise\u00f1o de vanguardia, y una versatilidad que har\u00e1 que la puedas ubicar en distintas estancias.<\/p>\n<p><strong>CARACTER\u00cdSTICAS:<\/strong><\/p>\n<ul>\n<li>Material Pata Metal, Tela.<\/li>\n<li>Estilo contempor\u00e1neo.<\/li>\n<li>Se sirve desmontado.<\/li>\n<li>Propiedades:\u00a0<strong>4 unidades por caja.<\/strong><\/li>\n<\/ul>\n<p>Colores Disponibles: Gris oscuro, Beige claro, Vison Claro, Ocre, Azul<\/p>\n<p><strong>Medidas:<\/strong><\/p>\n<p>L43 x F60 x A48\/98<\/p>\n","protected":false},"excerpt":{"rendered":"<p>Silla de estilo contempor\u00e1neo, tiene una estructura met\u00e1lica con cuatro patas en color negro. Tapizado acolchado de asiento y respaldo<\/p>\n","protected":false},"featured_media":33004,"template":"","meta":[],"product_brand":[],"product_cat":[424,353],"product_tag":[425],"class_list":{"0":"post-32852","1":"product","2":"type-product","3":"status-publish","4":"has-post-thumbnail","6":"product_cat-silla-de-comedor","7":"product_cat-sillas","8":"product_tag-silla-de-comedor","10":"first","11":"instock","12":"sale","13":"shipping-taxable","14":"purchasable","15":"product-type-simple"},"aioseo_notices":[],"_links":{"self":[{"href":"https:\/\/modestihouse.com\/index.php\/wp-json\/wp\/v2\/product\/32852","targetHints":{"allow":["GET"]}}],"collection":[{"href":"https:\/\/modestihouse.com\/index.php\/wp-json\/wp\/v2\/product"}],"about":[{"href":"https:\/\/modestihouse.com\/index.php\/wp-json\/wp\/v2\/types\/product"}],"wp:featuredmedia":[{"embeddable":true,"href":"https:\/\/modestihouse.com\/index.php\/wp-json\/wp\/v2\/media\/33004"}],"wp:attachment":[{"href":"https:\/\/modestihouse.com\/index.php\/wp-json\/wp\/v2\/media?parent=32852"}],"wp:term":[{"taxonomy":"product_brand","embeddable":true,"href":"https:\/\/modestihouse.com\/index.php\/wp-json\/wp\/v2\/product_brand?post=32852"},{"taxonomy":"product_cat","embeddable":true,"href":"https:\/\/modestihouse.com\/index.php\/wp-json\/wp\/v2\/product_cat?post=32852"},{"taxonomy":"product_tag","embeddable":true,"href":"https:\/\/modestihouse.com\/index.php\/wp-json\/wp\/v2\/product_tag?post=32852"}],"curies":[{"name":"wp","href":"https:\/\/api.w.org\/{rel}","templated":true}]}}