{"id":32917,"date":"2024-10-08T10:12:13","date_gmt":"2024-10-08T08:12:13","guid":{"rendered":"https:\/\/modestihouse.com\/?post_type=product&#038;p=32917"},"modified":"2024-10-08T10:14:38","modified_gmt":"2024-10-08T08:14:38","slug":"chaise-c-arcon-pouff-tap-orion-3p-laguna","status":"publish","type":"product","link":"https:\/\/modestihouse.com\/index.php\/producto\/chaise-c-arcon-pouff-tap-orion-3p-laguna\/","title":{"rendered":"Chaise C\/Arcon + Pouff Tap. Orion 3P Laguna"},"content":{"rendered":"<p>El Laguna es un sof\u00e1 polivalente con grandes prestaciones y detalles en el dise\u00f1o que lo hacen \u00fanico. Sus respaldos reclinables permiten adaptar su forma a las necesidades de tu confort.<\/p>\n<p>Podr\u00e1s almacenar lo que desees en el amplio arc\u00f3n que tiene el chaise longe, como tambi\u00e9n disfrutar de una comoda cama, al extraer los asientos con ruedas al suelo de este sof\u00e1. Adem\u00e1s, en su lateral tendr\u00e1s dos puff\u00a0que te permitir\u00e1 tener m\u00e1s asientos disponibles para los invitados en tu sal\u00f3n.<\/p>\n<p><strong><u>CARACTER\u00cdSTICAS:<\/u><\/strong><\/p>\n<ul>\n<li>Armaz\u00f3n de madera de pino.<\/li>\n<li>Tapizado tela antimanchas.<\/li>\n<li>Espuma D-25.<\/li>\n<li>Respaldos de relleno picado y reclinables.<\/li>\n<li>Enfibrado de 150gr.<\/li>\n<li>Cinchas de 6 cm de alta resistencia.<\/li>\n<li>Asientos deslizantes XL de muelles en zig-zag.<\/li>\n<li>2 pouffs y arc\u00f3n en lado de la chaiselongue.<\/li>\n<li>Patas de madera.<\/li>\n<\/ul>\n<p>Colores disponibles: Marron, Azul, Orion 10 y Gris Oscuro<\/p>\n<p>Chaise Derecho e Izquierdo<\/p>\n<p><strong>Medidas:\u00a0<\/strong>L265 x F145 x A100<\/p>\n","protected":false},"excerpt":{"rendered":"<p>El Laguna es un sof\u00e1 polivalente con grandes prestaciones y detalles en el dise\u00f1o que lo hacen \u00fanico. Sus respaldos<\/p>\n","protected":false},"featured_media":33086,"template":"","meta":[],"product_brand":[],"product_cat":[76,255],"product_tag":[444],"class_list":{"0":"post-32917","1":"product","2":"type-product","3":"status-publish","4":"has-post-thumbnail","6":"product_cat-chaise-longue","7":"product_cat-chaiselongues","8":"product_tag-chaiselongue-laguna","10":"first","11":"instock","12":"sale","13":"shipping-taxable","14":"purchasable","15":"product-type-simple"},"aioseo_notices":[],"_links":{"self":[{"href":"https:\/\/modestihouse.com\/index.php\/wp-json\/wp\/v2\/product\/32917","targetHints":{"allow":["GET"]}}],"collection":[{"href":"https:\/\/modestihouse.com\/index.php\/wp-json\/wp\/v2\/product"}],"about":[{"href":"https:\/\/modestihouse.com\/index.php\/wp-json\/wp\/v2\/types\/product"}],"wp:featuredmedia":[{"embeddable":true,"href":"https:\/\/modestihouse.com\/index.php\/wp-json\/wp\/v2\/media\/33086"}],"wp:attachment":[{"href":"https:\/\/modestihouse.com\/index.php\/wp-json\/wp\/v2\/media?parent=32917"}],"wp:term":[{"taxonomy":"product_brand","embeddable":true,"href":"https:\/\/modestihouse.com\/index.php\/wp-json\/wp\/v2\/product_brand?post=32917"},{"taxonomy":"product_cat","embeddable":true,"href":"https:\/\/modestihouse.com\/index.php\/wp-json\/wp\/v2\/product_cat?post=32917"},{"taxonomy":"product_tag","embeddable":true,"href":"https:\/\/modestihouse.com\/index.php\/wp-json\/wp\/v2\/product_tag?post=32917"}],"curies":[{"name":"wp","href":"https:\/\/api.w.org\/{rel}","templated":true}]}}