{"id":33163,"date":"2024-10-08T10:15:37","date_gmt":"2024-10-08T08:15:37","guid":{"rendered":"https:\/\/modestihouse.com\/?post_type=product&#038;p=33163"},"modified":"2024-10-08T10:17:14","modified_gmt":"2024-10-08T08:17:14","slug":"mesa-elba-90x90cm-libro","status":"publish","type":"product","link":"https:\/\/modestihouse.com\/index.php\/producto\/mesa-elba-90x90cm-libro\/","title":{"rendered":"Mesa Elba 90x90CM Libro"},"content":{"rendered":"<p>Mesa comedor 90&#215;90 cm libro abierta a 180\u00a0modelo ELBA, disponible en varios colores.<\/p>\n<p>Artico, Cambrian y Blanco<\/p>\n<p>Tablero de part\u00edculas melaminizadas de primera calidad. Re\u00fane las caracter\u00edsticas seg\u00fan normativa vigente.<\/p>\n<p>Mobiliario apto para el uso dom\u00e9stico, no utilizar para su limpieza productos amoniacales ni abrasivos. Los productos fabricados cumplen con toda la garant\u00eda que marca la legislaci\u00f3n vigente.<\/p>\n<p><strong>Medidas:<\/strong><\/p>\n<p>L90\/180 x F90\u00a0x A74,8<\/p>\n","protected":false},"excerpt":{"rendered":"<p>Mesa comedor 90&#215;90 cm libro abierta a 180\u00a0modelo ELBA, disponible en varios colores. Artico, Cambrian y Blanco Tablero de part\u00edculas<\/p>\n","protected":false},"featured_media":33293,"template":"","meta":[],"product_brand":[],"product_cat":[220],"product_tag":[],"class_list":{"0":"post-33163","1":"product","2":"type-product","3":"status-publish","4":"has-post-thumbnail","6":"product_cat-mesa-comedor","8":"first","9":"instock","10":"sale","11":"shipping-taxable","12":"purchasable","13":"product-type-simple"},"aioseo_notices":[],"_links":{"self":[{"href":"https:\/\/modestihouse.com\/index.php\/wp-json\/wp\/v2\/product\/33163","targetHints":{"allow":["GET"]}}],"collection":[{"href":"https:\/\/modestihouse.com\/index.php\/wp-json\/wp\/v2\/product"}],"about":[{"href":"https:\/\/modestihouse.com\/index.php\/wp-json\/wp\/v2\/types\/product"}],"wp:featuredmedia":[{"embeddable":true,"href":"https:\/\/modestihouse.com\/index.php\/wp-json\/wp\/v2\/media\/33293"}],"wp:attachment":[{"href":"https:\/\/modestihouse.com\/index.php\/wp-json\/wp\/v2\/media?parent=33163"}],"wp:term":[{"taxonomy":"product_brand","embeddable":true,"href":"https:\/\/modestihouse.com\/index.php\/wp-json\/wp\/v2\/product_brand?post=33163"},{"taxonomy":"product_cat","embeddable":true,"href":"https:\/\/modestihouse.com\/index.php\/wp-json\/wp\/v2\/product_cat?post=33163"},{"taxonomy":"product_tag","embeddable":true,"href":"https:\/\/modestihouse.com\/index.php\/wp-json\/wp\/v2\/product_tag?post=33163"}],"curies":[{"name":"wp","href":"https:\/\/api.w.org\/{rel}","templated":true}]}}