{"id":34090,"date":"2024-10-08T10:32:34","date_gmt":"2024-10-08T08:32:34","guid":{"rendered":"https:\/\/modestihouse.com\/?post_type=product&#038;p=34090"},"modified":"2024-10-08T10:33:11","modified_gmt":"2024-10-08T08:33:11","slug":"sofa-leiva-relax-electrico-4p","status":"publish","type":"product","link":"https:\/\/modestihouse.com\/index.php\/producto\/sofa-leiva-relax-electrico-4p\/","title":{"rendered":"Sofa Leiva Relax Electrico 4P"},"content":{"rendered":"<p>Sill\u00f3n relax 4 plazas el\u00e9ctrico con 2 mecanismos modelo LEIVA. Disponible en tela tejidos antimanchas.<\/p>\n<p>Su dise\u00f1o ofrece comodidad y soporte, perfecto para dias de descanso<\/p>\n<p>Colores disponibles Cemento y Antracita<\/p>\n<p><strong>Medidas:<\/strong><\/p>\n<p>L249 x F104 x A104<\/p>\n<p>&nbsp;<\/p>\n","protected":false},"excerpt":{"rendered":"<p>Sill\u00f3n relax 4 plazas el\u00e9ctrico con 2 mecanismos modelo LEIVA. Disponible en tela tejidos antimanchas. Su dise\u00f1o ofrece comodidad y<\/p>\n","protected":false},"featured_media":34132,"template":"","meta":[],"product_brand":[],"product_cat":[429,463],"product_tag":[],"class_list":{"0":"post-34090","1":"product","2":"type-product","3":"status-publish","4":"has-post-thumbnail","6":"product_cat-sillones-relax","7":"product_cat-sofa-relax-4p","9":"first","10":"instock","11":"sale","12":"shipping-taxable","13":"purchasable","14":"product-type-simple"},"aioseo_notices":[],"_links":{"self":[{"href":"https:\/\/modestihouse.com\/index.php\/wp-json\/wp\/v2\/product\/34090","targetHints":{"allow":["GET"]}}],"collection":[{"href":"https:\/\/modestihouse.com\/index.php\/wp-json\/wp\/v2\/product"}],"about":[{"href":"https:\/\/modestihouse.com\/index.php\/wp-json\/wp\/v2\/types\/product"}],"wp:featuredmedia":[{"embeddable":true,"href":"https:\/\/modestihouse.com\/index.php\/wp-json\/wp\/v2\/media\/34132"}],"wp:attachment":[{"href":"https:\/\/modestihouse.com\/index.php\/wp-json\/wp\/v2\/media?parent=34090"}],"wp:term":[{"taxonomy":"product_brand","embeddable":true,"href":"https:\/\/modestihouse.com\/index.php\/wp-json\/wp\/v2\/product_brand?post=34090"},{"taxonomy":"product_cat","embeddable":true,"href":"https:\/\/modestihouse.com\/index.php\/wp-json\/wp\/v2\/product_cat?post=34090"},{"taxonomy":"product_tag","embeddable":true,"href":"https:\/\/modestihouse.com\/index.php\/wp-json\/wp\/v2\/product_tag?post=34090"}],"curies":[{"name":"wp","href":"https:\/\/api.w.org\/{rel}","templated":true}]}}