{"id":34435,"date":"2024-11-05T08:27:48","date_gmt":"2024-11-05T07:27:48","guid":{"rendered":"https:\/\/modestihouse.com\/?post_type=product&#038;p=34435"},"modified":"2024-11-05T08:27:48","modified_gmt":"2024-11-05T07:27:48","slug":"pack-sensac-canape22","status":"publish","type":"product","link":"https:\/\/modestihouse.com\/index.php\/producto\/pack-sensac-canape22\/","title":{"rendered":"PACK &#8211; SENSAC + CANAPE22"},"content":{"rendered":"<p><strong>Pack Colch\u00f3n Modelo SENSAC + Canap\u00e9 Abatible de 22 cm<\/strong><\/p>\n<p>El <em>Pack Colch\u00f3n SENSAC<\/em> de <em>ModestiHouse<\/em> combina confort y funcionalidad para un descanso ideal en <strong>Tenerife<\/strong>. Este pack incluye un colch\u00f3n con <strong>n\u00facleo de muelle ensacado<\/strong> y <strong>viscoel\u00e1stica de alta densidad<\/strong> en ambas caras, lo que garantiza un soporte firme y adaptable. Gracias a la tecnolog\u00eda <strong>Visco Carbono Plus<\/strong> y <strong>ViscoGel<\/strong>, disfrutar\u00e1s de frescura, protecci\u00f3n anti\u00e1caros y m\u00e1xima transpirabilidad.<\/p>\n<p>El canap\u00e9 abatible de madera complementa el pack, disponible en varios colores para combinar con tu estilo. Cuenta con <strong>4 aireadores<\/strong> en la tapa y tejido 3D en color beige, perfecto para mantener tu colch\u00f3n ventilado y en \u00f3ptimas condiciones.<\/p>\n<p>Haz tu compra en <em>ModestiHouse<\/em>, y transforma tu dormitorio con el <strong>Pack Colch\u00f3n SENSAC + Canap\u00e9 Abatible<\/strong>. Calidad y comodidad garantizadas en muebles y colchones en Tenerife.<\/p>\n","protected":false},"excerpt":{"rendered":"<p><strong>Pack Colch\u00f3n Modelo SENSAC + Canap\u00e9 Abatible de 22 cm<\/strong><\/p>\n<p>El <em>Pack Colch\u00f3n SENSAC<\/em> de <em>ModestiHouse<\/em> combina confort y funcionalidad para un descanso ideal en <strong>Tenerife<\/strong>. Este pack incluye un colch\u00f3n con <strong>n\u00facleo de muelle ensacado<\/strong> y <strong>viscoel\u00e1stica de alta densidad<\/strong> en ambas caras, lo que garantiza un soporte firme y adaptable. Gracias a la tecnolog\u00eda <strong>Visco Carbono Plus<\/strong> y <strong>ViscoGel<\/strong>, disfrutar\u00e1s de frescura, protecci\u00f3n anti\u00e1caros y m\u00e1xima transpirabilidad.<\/p>\n<p>El canap\u00e9 abatible de madera complementa el pack, disponible en varios colores para combinar con tu estilo. Cuenta con <strong>4 aireadores<\/strong> en la tapa y tejido 3D en color beige, perfecto para mantener tu colch\u00f3n ventilado y en \u00f3ptimas condiciones.<\/p>\n<p>Haz tu compra en <em>ModestiHouse<\/em>, y transforma tu dormitorio con el <strong>Pack Colch\u00f3n SENSAC + Canap\u00e9 Abatible<\/strong>. Calidad y comodidad garantizadas en muebles y colchones en Tenerife.<\/p>\n","protected":false},"featured_media":34451,"template":"","meta":[],"product_brand":[],"product_cat":[254,105],"product_tag":[],"class_list":{"0":"post-34435","1":"product","2":"type-product","3":"status-publish","4":"has-post-thumbnail","6":"product_cat-descanso","7":"product_cat-pack-colchoncanape","9":"first","10":"instock","11":"shipping-taxable","12":"purchasable","13":"product-type-variable"},"aioseo_notices":[],"_links":{"self":[{"href":"https:\/\/modestihouse.com\/index.php\/wp-json\/wp\/v2\/product\/34435","targetHints":{"allow":["GET"]}}],"collection":[{"href":"https:\/\/modestihouse.com\/index.php\/wp-json\/wp\/v2\/product"}],"about":[{"href":"https:\/\/modestihouse.com\/index.php\/wp-json\/wp\/v2\/types\/product"}],"wp:featuredmedia":[{"embeddable":true,"href":"https:\/\/modestihouse.com\/index.php\/wp-json\/wp\/v2\/media\/34451"}],"wp:attachment":[{"href":"https:\/\/modestihouse.com\/index.php\/wp-json\/wp\/v2\/media?parent=34435"}],"wp:term":[{"taxonomy":"product_brand","embeddable":true,"href":"https:\/\/modestihouse.com\/index.php\/wp-json\/wp\/v2\/product_brand?post=34435"},{"taxonomy":"product_cat","embeddable":true,"href":"https:\/\/modestihouse.com\/index.php\/wp-json\/wp\/v2\/product_cat?post=34435"},{"taxonomy":"product_tag","embeddable":true,"href":"https:\/\/modestihouse.com\/index.php\/wp-json\/wp\/v2\/product_tag?post=34435"}],"curies":[{"name":"wp","href":"https:\/\/api.w.org\/{rel}","templated":true}]}}