{"id":34595,"date":"2025-01-09T18:41:16","date_gmt":"2025-01-09T17:41:16","guid":{"rendered":"https:\/\/modestihouse.com\/?post_type=product&#038;p=34595"},"modified":"2025-01-09T18:41:16","modified_gmt":"2025-01-09T17:41:16","slug":"mueble-tv-kaspian-140-c-cambria","status":"publish","type":"product","link":"https:\/\/modestihouse.com\/index.php\/producto\/mueble-tv-kaspian-140-c-cambria\/","title":{"rendered":"Mueble TV Kaspian 140 C\/Cambria"},"content":{"rendered":"","protected":false},"excerpt":{"rendered":"<p>El mobiliario principal est\u00e1 compuesto por un conjunto de muebles en tonos de madera clara que aportan calidez al espacio. Esta colecci\u00f3n te permite combinar en tu sal\u00f3n con su aparador o las estanter\u00edas que ofrecen tanto almacenamiento como espacio para la decoraci\u00f3n, incluyendo libros y plantas peque\u00f1as.<\/p>\n<p><strong>Medidas:<\/strong><\/p>\n<p>L143,5 x F40,5 x A33,5<\/p>\n","protected":false},"featured_media":34596,"template":"","meta":[],"product_brand":[],"product_cat":[214,415],"product_tag":[],"class_list":{"0":"post-34595","1":"product","2":"type-product","3":"status-publish","4":"has-post-thumbnail","6":"product_cat-bajo-tv","7":"product_cat-mueble-bajo-tv","9":"first","10":"instock","11":"sale","12":"shipping-taxable","13":"purchasable","14":"product-type-simple"},"aioseo_notices":[],"_links":{"self":[{"href":"https:\/\/modestihouse.com\/index.php\/wp-json\/wp\/v2\/product\/34595","targetHints":{"allow":["GET"]}}],"collection":[{"href":"https:\/\/modestihouse.com\/index.php\/wp-json\/wp\/v2\/product"}],"about":[{"href":"https:\/\/modestihouse.com\/index.php\/wp-json\/wp\/v2\/types\/product"}],"wp:featuredmedia":[{"embeddable":true,"href":"https:\/\/modestihouse.com\/index.php\/wp-json\/wp\/v2\/media\/34596"}],"wp:attachment":[{"href":"https:\/\/modestihouse.com\/index.php\/wp-json\/wp\/v2\/media?parent=34595"}],"wp:term":[{"taxonomy":"product_brand","embeddable":true,"href":"https:\/\/modestihouse.com\/index.php\/wp-json\/wp\/v2\/product_brand?post=34595"},{"taxonomy":"product_cat","embeddable":true,"href":"https:\/\/modestihouse.com\/index.php\/wp-json\/wp\/v2\/product_cat?post=34595"},{"taxonomy":"product_tag","embeddable":true,"href":"https:\/\/modestihouse.com\/index.php\/wp-json\/wp\/v2\/product_tag?post=34595"}],"curies":[{"name":"wp","href":"https:\/\/api.w.org\/{rel}","templated":true}]}}