{"id":34640,"date":"2025-03-06T13:19:10","date_gmt":"2025-03-06T12:19:10","guid":{"rendered":"https:\/\/modestihouse.com\/?post_type=product&#038;p=34640"},"modified":"2025-03-06T13:19:10","modified_gmt":"2025-03-06T12:19:10","slug":"chaise-cama-ote-garden-thalia-2p","status":"publish","type":"product","link":"https:\/\/modestihouse.com\/index.php\/producto\/chaise-cama-ote-garden-thalia-2p\/","title":{"rendered":"Chaise Cama \/Ote Garden Thalia 2P"},"content":{"rendered":"<p>El modelo Thalia es un sof\u00e1 elegante con chaiselongue y arc\u00f3n para almacenamiento adicional. Adem\u00e1s de una c\u00f3moda cama extra\u00edble. Sus cabezales italianos ajustables brindan una experiencia ergon\u00f3mica adaptable a diferentes posturas.<\/p>\n<p>El sof\u00e1 cama chaiselongue Thalia es una pieza elegante y con alta funcionalidad para tu sal\u00f3n. Incluye cabezales italianos\/chicharra que te ofrecen una experiencia adaptable a diferentes posturas. Con una capacidad de hasta 3 plazas, incorpora en 2 de sus plazas una c\u00f3moda cama extra\u00edble. Su chaiselongue cuenta con arc\u00f3n de almacenamiento, para una organizaci\u00f3n m\u00e1s \u00f3ptima. Fabricado con un resistente armaz\u00f3n de pino gallego y costados de tablero de part\u00edculas.<\/p>\n<p>Colores Dispoibles de acuerdo al orden de imagenes : Azul Acero, Marron, Gris oscuro y Caramelo<\/p>\n<p><strong>Medidas<\/strong>:<br \/>\nL246 x F173 x A78\/94 cm<\/p>\n<p><strong>Caracter\u00edsticas principales<\/strong>:<\/p>\n<ul>\n<li>2 plazas con cama extra\u00edble.<\/li>\n<li>Cabezales italianos o de chicharra.<\/li>\n<li>Chaiselongue con arc\u00f3n de almacenamiento.<\/li>\n<li>Tejido antimanchas.<\/li>\n<li>Capacidad de asientos de 3 plazas.<\/li>\n<\/ul>\n<p><strong>Materiales<\/strong>:<\/p>\n<ul>\n<li>Armaz\u00f3n de pino gallego y costados de tablero de part\u00edculas.<\/li>\n<li>Bastidor con mecanismo super-deslizante con muelle zig-zag y ruedas al suelo.<\/li>\n<li>Respaldos, brazos de fibra 100%.<\/li>\n<li>Asientos de gomaespuma D-30 kg. recubiertos de fibra.<\/li>\n<li>Pata cil\u00edndrica metal negro mate.<\/li>\n<li>Color de tela o revestimiento: Garden.<\/li>\n<\/ul>\n","protected":false},"excerpt":{"rendered":"<p>El modelo Thalia es un sof\u00e1 elegante con chaiselongue y arc\u00f3n para almacenamiento adicional. Adem\u00e1s de una c\u00f3moda cama extra\u00edble.<\/p>\n","protected":false},"featured_media":34641,"template":"","meta":[],"product_brand":[],"product_cat":[76,262,255],"product_tag":[],"class_list":{"0":"post-34640","1":"product","2":"type-product","3":"status-publish","4":"has-post-thumbnail","6":"product_cat-chaise-longue","7":"product_cat-chaiselongue-cama-y-sofa-cama","8":"product_cat-chaiselongues","10":"first","11":"instock","12":"sale","13":"shipping-taxable","14":"purchasable","15":"product-type-simple"},"aioseo_notices":[],"_links":{"self":[{"href":"https:\/\/modestihouse.com\/index.php\/wp-json\/wp\/v2\/product\/34640","targetHints":{"allow":["GET"]}}],"collection":[{"href":"https:\/\/modestihouse.com\/index.php\/wp-json\/wp\/v2\/product"}],"about":[{"href":"https:\/\/modestihouse.com\/index.php\/wp-json\/wp\/v2\/types\/product"}],"wp:featuredmedia":[{"embeddable":true,"href":"https:\/\/modestihouse.com\/index.php\/wp-json\/wp\/v2\/media\/34641"}],"wp:attachment":[{"href":"https:\/\/modestihouse.com\/index.php\/wp-json\/wp\/v2\/media?parent=34640"}],"wp:term":[{"taxonomy":"product_brand","embeddable":true,"href":"https:\/\/modestihouse.com\/index.php\/wp-json\/wp\/v2\/product_brand?post=34640"},{"taxonomy":"product_cat","embeddable":true,"href":"https:\/\/modestihouse.com\/index.php\/wp-json\/wp\/v2\/product_cat?post=34640"},{"taxonomy":"product_tag","embeddable":true,"href":"https:\/\/modestihouse.com\/index.php\/wp-json\/wp\/v2\/product_tag?post=34640"}],"curies":[{"name":"wp","href":"https:\/\/api.w.org\/{rel}","templated":true}]}}