{"id":34676,"date":"2025-03-23T14:18:37","date_gmt":"2025-03-23T13:18:37","guid":{"rendered":"https:\/\/modestihouse.com\/?post_type=product&#038;p=34676"},"modified":"2025-03-23T14:18:37","modified_gmt":"2025-03-23T13:18:37","slug":"sofa-cama-isabel-tela-kstur-5gris","status":"publish","type":"product","link":"https:\/\/modestihouse.com\/index.php\/producto\/sofa-cama-isabel-tela-kstur-5gris\/","title":{"rendered":"Sofa Cama Isabel Tela Kstur-5Gris"},"content":{"rendered":"<p>Con el sof\u00e1 cama Isabel tendr\u00e1s comodidad y funcionalidad, ya que este modelo cuenta con un sistema de cama extra\u00edble, respaldo reclinable y unas resistentes patas de madera de color roble.<\/p>\n<p>El sof\u00e1 modelo Isabel es convertible en cama gracias a su\u00a0sistema extra\u00edble. Con una capacidad de asientos de 2 plazas, este sof\u00e1 es ideal para ahorrar espacio y tener comodidad. Incluye respaldo reclinable y un asiento con muelle zigzag, adapt\u00e1ndose a tu preferencia. Adem\u00e1s, su estructura con patas de madera y revestimiento en tela kstur, le dar\u00e1n la resistencia y el estilo a cualquier espacio.<\/p>\n<p><strong>Medidas<\/strong>:<\/p>\n<p>Sof\u00e1:\u00a0Largo 140 cm x Fondo 86 cm x Alto 81 cm.<br \/>\nCama:\u00a0117 cm x 184 cm.<\/p>\n<p><strong>Caracter\u00edsticas principales<\/strong>:<\/p>\n<ul>\n<li>Convertible en cama.<\/li>\n<li>Asiento y respaldo acolchado.<\/li>\n<li>Incluye 2 cojines.<\/li>\n<li>Respaldo reclinable.<\/li>\n<li>Tela antimanchas.<\/li>\n<li>Capacidad de asientos de 2 plazas.<\/li>\n<\/ul>\n<p><strong>Materiales<\/strong>:<\/p>\n<p>Patas de madera con acabado roble.<br \/>\nAsiento de muelle zigzag.<br \/>\nColor de tela o revestimiento: Kstur 05 &#8211; Gris.<\/p>\n","protected":false},"excerpt":{"rendered":"<p>Con el sof\u00e1 cama Isabel tendr\u00e1s comodidad y funcionalidad, ya que este modelo cuenta con un sistema de cama extra\u00edble,<\/p>\n","protected":false},"featured_media":34677,"template":"","meta":[],"product_brand":[],"product_cat":[314],"product_tag":[],"class_list":{"0":"post-34676","1":"product","2":"type-product","3":"status-publish","4":"has-post-thumbnail","6":"product_cat-sofas-cama","8":"first","9":"instock","10":"sale","11":"shipping-taxable","12":"purchasable","13":"product-type-simple"},"aioseo_notices":[],"_links":{"self":[{"href":"https:\/\/modestihouse.com\/index.php\/wp-json\/wp\/v2\/product\/34676","targetHints":{"allow":["GET"]}}],"collection":[{"href":"https:\/\/modestihouse.com\/index.php\/wp-json\/wp\/v2\/product"}],"about":[{"href":"https:\/\/modestihouse.com\/index.php\/wp-json\/wp\/v2\/types\/product"}],"wp:featuredmedia":[{"embeddable":true,"href":"https:\/\/modestihouse.com\/index.php\/wp-json\/wp\/v2\/media\/34677"}],"wp:attachment":[{"href":"https:\/\/modestihouse.com\/index.php\/wp-json\/wp\/v2\/media?parent=34676"}],"wp:term":[{"taxonomy":"product_brand","embeddable":true,"href":"https:\/\/modestihouse.com\/index.php\/wp-json\/wp\/v2\/product_brand?post=34676"},{"taxonomy":"product_cat","embeddable":true,"href":"https:\/\/modestihouse.com\/index.php\/wp-json\/wp\/v2\/product_cat?post=34676"},{"taxonomy":"product_tag","embeddable":true,"href":"https:\/\/modestihouse.com\/index.php\/wp-json\/wp\/v2\/product_tag?post=34676"}],"curies":[{"name":"wp","href":"https:\/\/api.w.org\/{rel}","templated":true}]}}