{"id":34704,"date":"2025-04-01T14:55:33","date_gmt":"2025-04-01T12:55:33","guid":{"rendered":"https:\/\/modestihouse.com\/?post_type=product&#038;p=34704"},"modified":"2025-04-01T14:55:33","modified_gmt":"2025-04-01T12:55:33","slug":"armario-nepo-3puertas-120cm","status":"publish","type":"product","link":"https:\/\/modestihouse.com\/index.php\/producto\/armario-nepo-3puertas-120cm\/","title":{"rendered":"Armario Nepo 3Puertas 120CM"},"content":{"rendered":"<p>Armario 3 puertas y\u00a02 cajones 120 cm modelo NEPO, color cambrian-blanco.<\/p>\n<p>Parte de colecci\u00f3n de muebles modernos NEPO. Con tiradores modernos rectos de metal, color cambrian intenso con textura pronunciada y con los elementos en blanco, ergon\u00f3micos y funcionales son las principales caracter\u00edsticas del conjunto. Los elementos encajan perfectamente en el tono de la entrada, la sala de estar, recibidor, habitaci\u00f3n de los ni\u00f1os y dormitorio, llen\u00e1ndolos con el esp\u00edritu de la contempor\u00e1neo.<\/p>\n<p>&nbsp;<\/p>\n<p><strong>Medidas:<\/strong><\/p>\n<p>L120 x F54 x A196,5<\/p>\n","protected":false},"excerpt":{"rendered":"<p>Armario 3 puertas y\u00a02 cajones 120 cm modelo NEPO, color cambrian-blanco. Parte de colecci\u00f3n de muebles modernos NEPO. Con tiradores<\/p>\n","protected":false},"featured_media":34705,"template":"","meta":[],"product_brand":[],"product_cat":[455,423],"product_tag":[],"class_list":{"0":"post-34704","1":"product","2":"type-product","3":"status-publish","4":"has-post-thumbnail","6":"product_cat-armario-3p","7":"product_cat-armarios-2","9":"first","10":"instock","11":"sale","12":"shipping-taxable","13":"purchasable","14":"product-type-simple"},"aioseo_notices":[],"_links":{"self":[{"href":"https:\/\/modestihouse.com\/index.php\/wp-json\/wp\/v2\/product\/34704","targetHints":{"allow":["GET"]}}],"collection":[{"href":"https:\/\/modestihouse.com\/index.php\/wp-json\/wp\/v2\/product"}],"about":[{"href":"https:\/\/modestihouse.com\/index.php\/wp-json\/wp\/v2\/types\/product"}],"wp:featuredmedia":[{"embeddable":true,"href":"https:\/\/modestihouse.com\/index.php\/wp-json\/wp\/v2\/media\/34705"}],"wp:attachment":[{"href":"https:\/\/modestihouse.com\/index.php\/wp-json\/wp\/v2\/media?parent=34704"}],"wp:term":[{"taxonomy":"product_brand","embeddable":true,"href":"https:\/\/modestihouse.com\/index.php\/wp-json\/wp\/v2\/product_brand?post=34704"},{"taxonomy":"product_cat","embeddable":true,"href":"https:\/\/modestihouse.com\/index.php\/wp-json\/wp\/v2\/product_cat?post=34704"},{"taxonomy":"product_tag","embeddable":true,"href":"https:\/\/modestihouse.com\/index.php\/wp-json\/wp\/v2\/product_tag?post=34704"}],"curies":[{"name":"wp","href":"https:\/\/api.w.org\/{rel}","templated":true}]}}