{"id":34828,"date":"2025-06-26T16:50:09","date_gmt":"2025-06-26T14:50:09","guid":{"rendered":"https:\/\/modestihouse.com\/?post_type=product&#038;p=34828"},"modified":"2025-06-26T16:50:09","modified_gmt":"2025-06-26T14:50:09","slug":"cama-nepo-estructura-s90","status":"publish","type":"product","link":"https:\/\/modestihouse.com\/index.php\/producto\/cama-nepo-estructura-s90\/","title":{"rendered":"Cama Nepo Estructura S90"},"content":{"rendered":"<p>Estructura de cama parte de colecci\u00f3n de muebles modernos NEPO. Con tiradores modernos rectos de metal, color cambrian intenso con textura pronunciada y con los elementos en blanco, ergon\u00f3micos y funcionales son las principales caracter\u00edsticas del conjunto. Los elementos encajan perfectamente en el tono de la entrada, la sala de estar, recibidor, habitaci\u00f3n de los ni\u00f1os y dormitorio, llen\u00e1ndolos con el esp\u00edritu de la contempor\u00e1neo.<\/p>\n<p>&nbsp;<\/p>\n<p><strong>Medidas:<\/strong><\/p>\n<p>L95 x F203,5 x A44\/83<\/p>\n","protected":false},"excerpt":{"rendered":"<p>Estructura de cama parte de colecci\u00f3n de muebles modernos NEPO. Con tiradores modernos rectos de metal, color cambrian intenso con<\/p>\n","protected":false},"featured_media":34829,"template":"","meta":[],"product_brand":[],"product_cat":[392],"product_tag":[],"class_list":{"0":"post-34828","1":"product","2":"type-product","3":"status-publish","4":"has-post-thumbnail","6":"product_cat-camas","8":"first","9":"instock","10":"sale","11":"shipping-taxable","12":"purchasable","13":"product-type-simple"},"aioseo_notices":[],"_links":{"self":[{"href":"https:\/\/modestihouse.com\/index.php\/wp-json\/wp\/v2\/product\/34828","targetHints":{"allow":["GET"]}}],"collection":[{"href":"https:\/\/modestihouse.com\/index.php\/wp-json\/wp\/v2\/product"}],"about":[{"href":"https:\/\/modestihouse.com\/index.php\/wp-json\/wp\/v2\/types\/product"}],"wp:featuredmedia":[{"embeddable":true,"href":"https:\/\/modestihouse.com\/index.php\/wp-json\/wp\/v2\/media\/34829"}],"wp:attachment":[{"href":"https:\/\/modestihouse.com\/index.php\/wp-json\/wp\/v2\/media?parent=34828"}],"wp:term":[{"taxonomy":"product_brand","embeddable":true,"href":"https:\/\/modestihouse.com\/index.php\/wp-json\/wp\/v2\/product_brand?post=34828"},{"taxonomy":"product_cat","embeddable":true,"href":"https:\/\/modestihouse.com\/index.php\/wp-json\/wp\/v2\/product_cat?post=34828"},{"taxonomy":"product_tag","embeddable":true,"href":"https:\/\/modestihouse.com\/index.php\/wp-json\/wp\/v2\/product_tag?post=34828"}],"curies":[{"name":"wp","href":"https:\/\/api.w.org\/{rel}","templated":true}]}}