{"id":34836,"date":"2025-06-26T17:32:14","date_gmt":"2025-06-26T15:32:14","guid":{"rendered":"https:\/\/modestihouse.com\/?post_type=product&#038;p=34836"},"modified":"2025-06-26T17:32:14","modified_gmt":"2025-06-26T15:32:14","slug":"mueble-tv-nordic-2p-2h-natural-serigrafia","status":"publish","type":"product","link":"https:\/\/modestihouse.com\/index.php\/producto\/mueble-tv-nordic-2p-2h-natural-serigrafia\/","title":{"rendered":"Mueble TV Nordic 2P 2H Natural\/Serigrafia"},"content":{"rendered":"<p>Mueble tv Nordic 2 puertas y\u00a02 huecos, color natural\/serigraf\u00eda.<\/p>\n<p><strong>CARACTER\u00cdSTICAS:<\/strong><\/p>\n<ul>\n<li>Peso 26,4 kg.<\/li>\n<li>Material: Melamina.<\/li>\n<li>Colecci\u00f3n Nordic.<\/li>\n<li>Estilo contempor\u00e1neo.<\/li>\n<li>Se sirve desmontado.<\/li>\n<\/ul>\n<p>&nbsp;<\/p>\n<p><strong>Medidas:<\/strong><\/p>\n<p>L136,3 x F40 x A53,10<\/p>\n","protected":false},"excerpt":{"rendered":"<p>Mueble tv Nordic 2 puertas y\u00a02 huecos, color natural\/serigraf\u00eda. CARACTER\u00cdSTICAS: Peso 26,4 kg. Material: Melamina. Colecci\u00f3n Nordic. Estilo contempor\u00e1neo. Se<\/p>\n","protected":false},"featured_media":34837,"template":"","meta":[],"product_brand":[],"product_cat":[214,415],"product_tag":[],"class_list":{"0":"post-34836","1":"product","2":"type-product","3":"status-publish","4":"has-post-thumbnail","6":"product_cat-bajo-tv","7":"product_cat-mueble-bajo-tv","9":"first","10":"instock","11":"sale","12":"shipping-taxable","13":"purchasable","14":"product-type-simple"},"aioseo_notices":[],"_links":{"self":[{"href":"https:\/\/modestihouse.com\/index.php\/wp-json\/wp\/v2\/product\/34836","targetHints":{"allow":["GET"]}}],"collection":[{"href":"https:\/\/modestihouse.com\/index.php\/wp-json\/wp\/v2\/product"}],"about":[{"href":"https:\/\/modestihouse.com\/index.php\/wp-json\/wp\/v2\/types\/product"}],"wp:featuredmedia":[{"embeddable":true,"href":"https:\/\/modestihouse.com\/index.php\/wp-json\/wp\/v2\/media\/34837"}],"wp:attachment":[{"href":"https:\/\/modestihouse.com\/index.php\/wp-json\/wp\/v2\/media?parent=34836"}],"wp:term":[{"taxonomy":"product_brand","embeddable":true,"href":"https:\/\/modestihouse.com\/index.php\/wp-json\/wp\/v2\/product_brand?post=34836"},{"taxonomy":"product_cat","embeddable":true,"href":"https:\/\/modestihouse.com\/index.php\/wp-json\/wp\/v2\/product_cat?post=34836"},{"taxonomy":"product_tag","embeddable":true,"href":"https:\/\/modestihouse.com\/index.php\/wp-json\/wp\/v2\/product_tag?post=34836"}],"curies":[{"name":"wp","href":"https:\/\/api.w.org\/{rel}","templated":true}]}}