{"id":34872,"date":"2025-07-07T13:45:23","date_gmt":"2025-07-07T11:45:23","guid":{"rendered":"https:\/\/modestihouse.com\/?post_type=product&#038;p=34872"},"modified":"2025-07-07T13:45:23","modified_gmt":"2025-07-07T11:45:23","slug":"mueble-tv-artic-color-blanco-artisan","status":"publish","type":"product","link":"https:\/\/modestihouse.com\/index.php\/producto\/mueble-tv-artic-color-blanco-artisan\/","title":{"rendered":"Mueble TV Artic Color Blanco\/Artisan"},"content":{"rendered":"<p>Moderno mueble de TV modelo ARTIC, con dise\u00f1o elegante y contempor\u00e1neo que combina el c\u00e1lido roble(artisan) con blanco lacado. Cuenta con varios espacios de almacenamiento, la parte principal consta de dos secciones con una puerta abatible. Adem\u00e1s, de una pr\u00e1ctica balda de cristal para organizar decoraci\u00f3n y objetos de su preferencia.<\/p>\n<p><strong>Medidas<\/strong>:<br \/>\nLargo (L): 170 cm.<br \/>\nFondo (F): 40 cm.<br \/>\nAlto (A): 46 cm.<\/p>\n<p><strong>Caracter\u00edsticas<\/strong>:<br \/>\nPuerta abatible.<br \/>\nBalda de cristal transparente.<br \/>\nGran capacidad de almacenamiento.<\/p>\n<p><strong>Materiales<\/strong>:<br \/>\nFabricado en melamina.<br \/>\nBisagras met\u00e1licas.<br \/>\nColor: Blanco-roble(artisan).<\/p>\n","protected":false},"excerpt":{"rendered":"<p>Moderno mueble de TV modelo ARTIC, con dise\u00f1o elegante y contempor\u00e1neo que combina el c\u00e1lido roble(artisan) con blanco lacado. Cuenta<\/p>\n","protected":false},"featured_media":34873,"template":"","meta":[],"product_brand":[],"product_cat":[214,415],"product_tag":[],"class_list":{"0":"post-34872","1":"product","2":"type-product","3":"status-publish","4":"has-post-thumbnail","6":"product_cat-bajo-tv","7":"product_cat-mueble-bajo-tv","9":"first","10":"instock","11":"sale","12":"shipping-taxable","13":"purchasable","14":"product-type-simple"},"aioseo_notices":[],"_links":{"self":[{"href":"https:\/\/modestihouse.com\/index.php\/wp-json\/wp\/v2\/product\/34872","targetHints":{"allow":["GET"]}}],"collection":[{"href":"https:\/\/modestihouse.com\/index.php\/wp-json\/wp\/v2\/product"}],"about":[{"href":"https:\/\/modestihouse.com\/index.php\/wp-json\/wp\/v2\/types\/product"}],"wp:featuredmedia":[{"embeddable":true,"href":"https:\/\/modestihouse.com\/index.php\/wp-json\/wp\/v2\/media\/34873"}],"wp:attachment":[{"href":"https:\/\/modestihouse.com\/index.php\/wp-json\/wp\/v2\/media?parent=34872"}],"wp:term":[{"taxonomy":"product_brand","embeddable":true,"href":"https:\/\/modestihouse.com\/index.php\/wp-json\/wp\/v2\/product_brand?post=34872"},{"taxonomy":"product_cat","embeddable":true,"href":"https:\/\/modestihouse.com\/index.php\/wp-json\/wp\/v2\/product_cat?post=34872"},{"taxonomy":"product_tag","embeddable":true,"href":"https:\/\/modestihouse.com\/index.php\/wp-json\/wp\/v2\/product_tag?post=34872"}],"curies":[{"name":"wp","href":"https:\/\/api.w.org\/{rel}","templated":true}]}}