{"id":35056,"date":"2025-07-09T14:02:09","date_gmt":"2025-07-09T12:02:09","guid":{"rendered":"https:\/\/modestihouse.com\/?post_type=product&#038;p=35056"},"modified":"2025-07-09T14:02:09","modified_gmt":"2025-07-09T12:02:09","slug":"sofa-3p-chaise-erika-ii","status":"publish","type":"product","link":"https:\/\/modestihouse.com\/index.php\/producto\/sofa-3p-chaise-erika-ii\/","title":{"rendered":"Sofa 3P + Chaise Erika II"},"content":{"rendered":"<p>El sof\u00e1 cama Erika II te permite aprovechar al m\u00e1ximo el espacio de tu sal\u00f3n, gracias a su medida, arc\u00f3n y la opci\u00f3n de hacerse cama sus asientos acolchados te ofrecen una gran experiencia de descanso.<\/p>\n<p>Gracias a su pr\u00e1ctico sistema de arrastre, podr\u00e1s convertirlo r\u00e1pidamente en una c\u00f3moda cama. Adem\u00e1s, incluye una chaiselongue con un espacioso arc\u00f3n de almacenamiento, perfecto para mantas y cojines, entre otros. Sus asientos y respaldos tienen un relleno de gran confort, adem\u00e1s de un tapizado de textura suave y acogedora.<\/p>\n<p><strong>Caracter\u00edsticas Principales:<\/strong><\/p>\n<blockquote dir=\"ltr\"><p>\u2022\u00a0Sistema de arrastre para convertirlo en cama.<br \/>\n\u2022\u00a0Chaiselongue con arc\u00f3n de almacenamiento.<br \/>\n\u2022\u00a0Asientos y respaldos acolchados.<br \/>\n\u2022\u00a0Tejido suave y c\u00f3modo.<br \/>\n\u2022\u00a0Tela antimanchas.<br \/>\n\u2022\u00a0Capacidad de asientos de 3 plazas.<\/p><\/blockquote>\n<p><strong>Materiales:<\/strong><\/p>\n<blockquote dir=\"ltr\"><p>\u2022\u00a0Tapizado en tela barrel.<br \/>\n\u2022\u00a0Patas de pl\u00e1stico.<br \/>\n\u2022\u00a035 D espuma de alta resistencia.<\/p><\/blockquote>\n<p><strong>Medidas:<\/strong><\/p>\n<blockquote dir=\"ltr\"><p>\u2022\u00a0<strong>Longitud Total (L)<\/strong>: 254 cm<br \/>\n\u2022\u00a0<strong>Fondo (F)<\/strong>: 92 cm \/ 165 cm (con chaiselongue)<br \/>\n\u2022\u00a0<strong>Altura (A)<\/strong>: 102 cm (con respaldo)<\/p>\n<p>Disponibles en colores Beige y Gris Oscuro<\/p><\/blockquote>\n","protected":false},"excerpt":{"rendered":"<p>El sof\u00e1 cama Erika II te permite aprovechar al m\u00e1ximo el espacio de tu sal\u00f3n, gracias a su medida, arc\u00f3n<\/p>\n","protected":false},"featured_media":35057,"template":"","meta":[],"product_brand":[],"product_cat":[262,406,435,495,269,314],"product_tag":[],"class_list":{"0":"post-35056","1":"product","2":"type-product","3":"status-publish","4":"has-post-thumbnail","6":"product_cat-chaiselongue-cama-y-sofa-cama","7":"product_cat-chaiselongue-reversible","8":"product_cat-sofa","9":"product_cat-sofa-chaise-asientos-extraibles","10":"product_cat-sofa-3p","11":"product_cat-sofas-cama","13":"first","14":"instock","15":"sale","16":"shipping-taxable","17":"purchasable","18":"product-type-simple"},"aioseo_notices":[],"_links":{"self":[{"href":"https:\/\/modestihouse.com\/index.php\/wp-json\/wp\/v2\/product\/35056","targetHints":{"allow":["GET"]}}],"collection":[{"href":"https:\/\/modestihouse.com\/index.php\/wp-json\/wp\/v2\/product"}],"about":[{"href":"https:\/\/modestihouse.com\/index.php\/wp-json\/wp\/v2\/types\/product"}],"wp:featuredmedia":[{"embeddable":true,"href":"https:\/\/modestihouse.com\/index.php\/wp-json\/wp\/v2\/media\/35057"}],"wp:attachment":[{"href":"https:\/\/modestihouse.com\/index.php\/wp-json\/wp\/v2\/media?parent=35056"}],"wp:term":[{"taxonomy":"product_brand","embeddable":true,"href":"https:\/\/modestihouse.com\/index.php\/wp-json\/wp\/v2\/product_brand?post=35056"},{"taxonomy":"product_cat","embeddable":true,"href":"https:\/\/modestihouse.com\/index.php\/wp-json\/wp\/v2\/product_cat?post=35056"},{"taxonomy":"product_tag","embeddable":true,"href":"https:\/\/modestihouse.com\/index.php\/wp-json\/wp\/v2\/product_tag?post=35056"}],"curies":[{"name":"wp","href":"https:\/\/api.w.org\/{rel}","templated":true}]}}