{"id":35112,"date":"2025-07-09T19:17:45","date_gmt":"2025-07-09T17:17:45","guid":{"rendered":"https:\/\/modestihouse.com\/?post_type=product&#038;p=35112"},"modified":"2025-07-09T19:17:45","modified_gmt":"2025-07-09T17:17:45","slug":"sofa-monaco-chaiselongue-electrico","status":"publish","type":"product","link":"https:\/\/modestihouse.com\/index.php\/producto\/sofa-monaco-chaiselongue-electrico\/","title":{"rendered":"Sofa Monaco Chaiselongue Electrico"},"content":{"rendered":"<p>Sof\u00e1 chaiselongue el\u00e9ctrico con 2 motores modelo M\u00d3NACO. Disponible en tela varios colores Antracita y Cemento<\/p>\n<p>&nbsp;<\/p>\n<p><strong>Medidas:<\/strong><\/p>\n<p>L286 x F107\/175 x A104<\/p>\n","protected":false},"excerpt":{"rendered":"<p>Sof\u00e1 chaiselongue el\u00e9ctrico con 2 motores modelo M\u00d3NACO. Disponible en tela varios colores Antracita y Cemento &nbsp; Medidas: L286 x<\/p>\n","protected":false},"featured_media":35114,"template":"","meta":[],"product_brand":[],"product_cat":[435,496],"product_tag":[],"class_list":{"0":"post-35112","1":"product","2":"type-product","3":"status-publish","4":"has-post-thumbnail","6":"product_cat-sofa","7":"product_cat-sofa-electrico","9":"first","10":"instock","11":"sale","12":"shipping-taxable","13":"purchasable","14":"product-type-simple"},"aioseo_notices":[],"_links":{"self":[{"href":"https:\/\/modestihouse.com\/index.php\/wp-json\/wp\/v2\/product\/35112","targetHints":{"allow":["GET"]}}],"collection":[{"href":"https:\/\/modestihouse.com\/index.php\/wp-json\/wp\/v2\/product"}],"about":[{"href":"https:\/\/modestihouse.com\/index.php\/wp-json\/wp\/v2\/types\/product"}],"wp:featuredmedia":[{"embeddable":true,"href":"https:\/\/modestihouse.com\/index.php\/wp-json\/wp\/v2\/media\/35114"}],"wp:attachment":[{"href":"https:\/\/modestihouse.com\/index.php\/wp-json\/wp\/v2\/media?parent=35112"}],"wp:term":[{"taxonomy":"product_brand","embeddable":true,"href":"https:\/\/modestihouse.com\/index.php\/wp-json\/wp\/v2\/product_brand?post=35112"},{"taxonomy":"product_cat","embeddable":true,"href":"https:\/\/modestihouse.com\/index.php\/wp-json\/wp\/v2\/product_cat?post=35112"},{"taxonomy":"product_tag","embeddable":true,"href":"https:\/\/modestihouse.com\/index.php\/wp-json\/wp\/v2\/product_tag?post=35112"}],"curies":[{"name":"wp","href":"https:\/\/api.w.org\/{rel}","templated":true}]}}