{"id":35217,"date":"2025-08-22T13:59:52","date_gmt":"2025-08-22T11:59:52","guid":{"rendered":"https:\/\/modestihouse.com\/?post_type=product&#038;p=35217"},"modified":"2025-08-22T13:59:52","modified_gmt":"2025-08-22T11:59:52","slug":"silla-emely-p-madera","status":"publish","type":"product","link":"https:\/\/modestihouse.com\/index.php\/producto\/silla-emely-p-madera\/","title":{"rendered":"Silla Emely P\/Madera"},"content":{"rendered":"<p>Descubre la fusi\u00f3n perfecta entre lo moderno y lo cl\u00e1sico con nuestra silla estilo Dan\u00e9s. Fabricada con un asiento de polipropileno resistente y un respaldo listado, esta silla es ideal para cualquier espacio. Sus patas de haya natural garantizan durabilidad y estabilidad.<\/p>\n<p>Disponibles en colores:<\/p>\n<p>Blanco, Negro, Gris y Taupe<\/p>\n","protected":false},"excerpt":{"rendered":"<p>Descubre la fusi\u00f3n perfecta entre lo moderno y lo cl\u00e1sico con nuestra silla estilo Dan\u00e9s. Fabricada con un asiento de<\/p>\n","protected":false},"featured_media":35218,"template":"","meta":[],"product_brand":[],"product_cat":[424,353,394],"product_tag":[],"class_list":{"0":"post-35217","1":"product","2":"type-product","3":"status-publish","4":"has-post-thumbnail","6":"product_cat-silla-de-comedor","7":"product_cat-sillas","8":"product_cat-sillas-de-cocina","10":"first","11":"instock","12":"sale","13":"shipping-taxable","14":"purchasable","15":"product-type-simple"},"aioseo_notices":[],"_links":{"self":[{"href":"https:\/\/modestihouse.com\/index.php\/wp-json\/wp\/v2\/product\/35217","targetHints":{"allow":["GET"]}}],"collection":[{"href":"https:\/\/modestihouse.com\/index.php\/wp-json\/wp\/v2\/product"}],"about":[{"href":"https:\/\/modestihouse.com\/index.php\/wp-json\/wp\/v2\/types\/product"}],"wp:featuredmedia":[{"embeddable":true,"href":"https:\/\/modestihouse.com\/index.php\/wp-json\/wp\/v2\/media\/35218"}],"wp:attachment":[{"href":"https:\/\/modestihouse.com\/index.php\/wp-json\/wp\/v2\/media?parent=35217"}],"wp:term":[{"taxonomy":"product_brand","embeddable":true,"href":"https:\/\/modestihouse.com\/index.php\/wp-json\/wp\/v2\/product_brand?post=35217"},{"taxonomy":"product_cat","embeddable":true,"href":"https:\/\/modestihouse.com\/index.php\/wp-json\/wp\/v2\/product_cat?post=35217"},{"taxonomy":"product_tag","embeddable":true,"href":"https:\/\/modestihouse.com\/index.php\/wp-json\/wp\/v2\/product_tag?post=35217"}],"curies":[{"name":"wp","href":"https:\/\/api.w.org\/{rel}","templated":true}]}}